he value of 2 - (1 - -6) - -10?
5
-6 + -2 + 5 + 1
-2
5 - ((2 - -3) + -4 - 3)
7
Evaluate -8 + 1 - (-4 - (-24 + 36)).
9
Calculate -4 + (-7 - -21 - 7).
3
Calculate -1 + (2 - 8) + (2 - 3).
-8
What is the value of 2 - (-4 - (-11 + 3 + 3))?
1
Calculate -5 - -7 - (8 + -15).
9
Evaluate (1 - -3 - 1) + -7 + 2.
-2
(-5 - -10) + (4 - 1) + -9
-1
What is the value of 17 + -12 - (0 - -9) - -5?
1
What is the value of -1 + 2 - (3 + 1)?
-3
-2 - -12 - (4 + -3)
9
(-1 - -4) + (-5 - (-4 + -4))
6
(-4 - 0) + (63 - 56)
3
4 - (-2 + 2) - 5
-1
What is the value of (8 - (8 - 11)) + -10?
1
What is -2 - ((-5 - 2) + 3)?
2
Calculate 1 - -1 - (8 - 1).
-5
-16 + 7 + 8 + 9
8
What is -22 - -22 - ((-3 - 6) + 1)?
8
Calculate (0 - -1 - 2) + -4.
-5
Evaluate 2 + 0 + 3 + -7 - 3.
-5
What is 5 + 0 + 4 - 7?
2
Calculate -30 + 34 - (0 + (2 - 3)).
5
Calculate -1 - (32 + -29 + -1 + -12).
9
What is the value of (-1 - -6) + -13 - -5?
-3
(-6 + 4 - (-1 - 0)) + -4
-5
What is 10 + (2 - 6) + -4?
2
Evaluate (-8 - -2) + (-6 - -7) + 3.
-2
What is the value of 3 + -4 - (1 - 0 - 1)?
-1
What is the value of -22 + 23 - (0 + 0)?
1
Evaluate (-6 - (-2 + 5)) + 6.
-3
0 + 5 - (-2 - -12)
-5
Calculate -1 + (-8 - -5) + 10.
6
What is the value of -2 - ((-7 - -1) + 7)?
-3
-5 + 10 + (-6 - 4 - -3)
-2
What is the value of -2 + -2 + 0 - -9?
5
Evaluate -1 - (-6 + (-1 - -3)).
3
What is the value of 11 + (2 - (0 + 6))?
7
What is the value of -9 + -9 + 5 + 4 + 3?
-6
Evaluate (2 - (1 - -3)) + -2 + 0.
-4
0 - -1 - 2 - -4
3
What is the value of (1 - -2) + (-2 - -14 - 6)?
9
-1 - -1 - (-16 - -26) - -4
-6
Evaluate -8 - (-5 + (-3 - -5)).
-5
What is -2 + 0 - (-7 - 4)?
9
What is the value of -4 + 8 + -3 + 2?
3
Calculate -3 - (-12 - -4) - 13.
-8
What is the value of 1 + (-7 - (-8 - -9))?
-7
-1 + -2 + (121 - 110)
8
Evaluate -2 - (-1 - 1) - 0.
0
Evaluate -10 - (10 + -2 + -12).
-6
Calculate 1 + 3 + -145 + 134.
-7
Evaluate (-15 - (0 - 9)) + (10 - 1).
3
Calculate 1 + 9 - 8 - 7.
-5
Evaluate 2 - (-6 + 0 + 12 + -6).
2
Evaluate (-4 - (-1 + -4)) + 0.
1
(-1 - -8) + -1 + -7
-1
What is the value of (3 - 1) + (-11 - -13)?
4
What is the value of -9 + 3 + 3 + 4?
1
Calculate 7 + -3 + 5 + -8.
1
Evaluate -8 - (4 + -2 - 4).
-6
What is the value of -2 + 4 + -6 - 0 - -4?
0
Calculate (-2 + -1 - -10) + -4 + 1.
4
-8 - -6 - -1 - (1 + -1)
-1
Calculate -3 - (-1 + -3 + 1).
0
Evaluate -6 + -4 + 4 + 8.
2
Evaluate (-13 - (-9 - 9)) + -2 + -2.
1
Evaluate -4 + -2 + -7 - -9.
-4
-2 - ((0 - -3) + -2 - 4)
1
Calculate -2 - -2 - (-13 - -7).
6
(-5 - (5 + -7)) + 8 + -10
-5
What is the value of -14 + 6 - (-7 + -6)?
5
What is -6 + 7 + (0 - 0 - 3)?
-2
Calculate 2 - (22 - (3 - -9)).
-8
What is -8 - -4 - (-5 - 0)?
1
What is -7 + (0 - -4 - -4) + 6?
7
What is 4 - (-6 + 3 - (-7 + 3))?
3
What is 97 - 96 - (6 - (-1 - -1))?
-5
Calculate -6 + 9 + -9 - (-1 - -1).
-6
What is -3 + -2 - -2 - -3?
0
What is -8 + 4 + 10 - (1 + -1)?
6
What is 8 + -26 - -2 - -8?
-8
What is -15 + -6 + 21 - 0?
0
-1 + -1 - (-8 + 3 + 7)
-4
Calculate 3 - (0 + 0) - (-33 - -37).
-1
Evaluate -1 + -1 + -3 + 2 - -3.
0
Calculate 2 - (-1 + 1 + -2).
4
What is 12 + -12 - -4 - (2 - 1)?
3
Calculate (6 - 5) + (-15 - 2) + 9.
-7
What is the value of 14 + -8 + -5 + (-2 - 1)?
-2
-4 - (-11 + (-1 - -6))
2
Evaluate 0 + (-1 - (2 - (-4 + 5))).
-2
What is 15 + -15 + -5 + (1 - 0)?
-4
Calculate -7 + (6 - -5) + -5.
-1
6 - (-8 - (-2 + -9 + 2))
5
Calculate -7 - -8 - (1 - 3).
3
(0 + -3 - -6) + 3 - 1
5
-3 + -13 + 7 + 4 - -2
-3
Calculate 0 + -13 + 23 + -5.
5
What is the value of 0 - (-1 - -2) - (15 + -14)?
-2
What is the value of 0 + 4 + -2 + -1 - 6?
-5
What is the value of 1 + (5 - (-6 - -12))?
0
What is 7 - (-7 + (7 - -8))?
-1
0 + (-4 - -7) + -7 - -8
4
Evaluate (-1 - 2 - -6) + 1.
4
Calculate -21 - -9 - -15 - (5 + 1).
-3
-7 + 2 + 4 + 2
1
Calculate -4 + (0 + -13 - -18).
1
What is the value of (2 - -4) + -3 + 1 + 1?
5
Evaluate -1 - (-3 + -2 - -2 - -3).
-1
What is (3 - 6 - -2) + 2 + -1?
0
What is the value of 0 + 3 - (26 - 23)?
0
What is the value of (9 - 9) + 5 - (1 + 0)?
4
What is the value of -5 + 0 + 17 + -5 + -5?
2
Evaluate 3 - 9 - (-3 + (-3 - -1)).
-1
What is the value of -6 - (-13 + (-4 - -12))?
-1
Evaluate -1 + -2 - (-14 - -11) - 5.
-5
5 - (-1 - (-3 + 1))
4
What is (-3 - (-5 - -3)) + -2?
-3
What is 7 - 8 - (2 + 5 + -2)?
-6
What is the value of (1 + -1 - 2) + -1 + 0?
-3
-5 + (-4 - (-4 + -1))
-4
17 + -10 - 13 - (-10 + 0)
4
What is the value of (4 + (2 - 2) - 5) + 9?
8
What is the value of 5 + (-4 - 0 - -1)?
2
Calculate 1 + -5 - (-7 - -2).
1
10 + 1 + 43 + -47
7
What is 3 + -3 + 3 - (38 - 39)?
4
Calculate -2 + 11 - (1 - -6).
2
21 - (7 + -4 - -12)
6
What is the value of 10 - (4 + -2 + 2)?
6
Calculate 6 + -2 + (-1 + -3 - 0).
0
-1 + (9 - 11) + -1
-4
(1 - (-8 - -7)) + (-7 - 1)
-6
Evaluate -6 + (7 - 4 - -3).
0
What is the value of (-5 - -1) + 41 + -36?
1
Calculate 0 - 2 - (-4 - -1).
1
What is -3 - ((-1 - 4) + 5 - -2)?
-5
Calculate 1 - 3 - (-2 - (0 - 0)).
0
Calculate (-1 - 0) + (0 - 4).
-5
Calculate (-2 + -2 + -2 - -3) + -4.
-7
0 + 3 - (1 - (2 - -1))
5
-2 - (-9 - (2 - 2) - -2)
5
2 + -7 + 6 - -3 - 10
-6
0 + (-7 - -1) + -86 + 97
5
Calculate -2 + -1 + -1 + (3 - -1).
0
Calculate (-2 - 1) + 13 + -4 + -10.
-4
-5 - -6 - (1 + -2)
2
What is the value of (7 - 5) + (-3 - 0)?
-1
What is the value of -2 + 2 - (19 + -11)?
-8
Evaluate 18 + (7 - 28 - -8).
5
2 + 0 + 0 + -2 - -1
1
9 - 4 - 6 - 3
-4
Calculate -5 + 7 + 2 + -5 + -1.
-2
What is the value of -5 + 2 - (2 - 0)?
-5
Calculate -13 + -5 + 9 - -10.
1
What is the value of -2 - (-3 + -1 + 1)?
1
Evaluate (4 - (0 + -4 - -4)) + -7.
-3
What is -12 - (11 + -20 - -5)?
-8
Calculate (5 - (2 - -1)) + (-1 - -2).
3
Calculate -11 - (-2 - -2) - (-107 - -103).
-7
What is -2 + 3 - (-4 + -2 + 4)?
3
(8 - 8 - (2 + -8)) + -10
-4
Evaluate (-10 + 5 - -7) + (0 - 1).
1
Evaluate -7 + 3 - (17 - 20) - -9.
8
Evaluate (-4 - 0) + 3 - 4 - -10.
5
Calculate -1 + 3 + 1 + 0.
3
What is (-1 + -2 + -3 - -3) + -2?
-5
(8 - (5 + -7)) + -4
6
Evaluate (-61 - -62) + 2 + -1.
2
What is 6 - 2 - (-1 + -2)?
7
Calculate (0 - -6) + 0 + -3.
3
What is (1 - (-1 - (-3 + -1))) + 7?
5
(4 - 6 - -2) + -10 + 2
-8
Calculate (-11 - -14) + -2 + 1 + 0.
2
Calculate 0 + (2 - 3 - 1 - 0).
-2
Evaluate (-5 - 1 - -1) + (0 - -1).
-4
318 + -311 - (0 - (-14 + 1))
-6
What is 0 + (11 - -2) + -20?
-7
Calculate -10 - (6 - 0 - 9).
-7
-21 + 18 + 0 + -1
-4
Evaluate -7 - -1 - (2 - 6).
-2
What is the value of 5 + (8 + -19 - -3)?
-3
-6 - (-9 + (-16 - -12))
7
Evaluate 150 + -145 - (13 + 0).
-8
What is the value of ((3 - 4) + -1 - -6) + -11?
-7
What is -10 + 3 - (7 + -20 + 12)?
-6
What is the value of 15 + -2 + -19 - (0 - 5)?
-1
Evaluate -1 - ((1 - 7) + 5).
0
What is the value of 0 + 0 + (163 - 161)?
2
Evaluate 31 + -39 + 5 + 0.
-3
What is 1 + (-2 - -5) + 1 + -6?
-1
Calculate -3 - -4 - -9 - 7.
3
Evaluate -3 + 2 + (-4 - -5).
0
What is the value of -20 + 18 - (-1 - 1)?
0
What is the value of (15 + -17 - (1 + -6)) + -6?
-3
Evaluate -2 + 0 + (-9 - -5) + 2.
-4
What is -5 - (-6 - -2 - -3)?
-4
What is the value of (-1 - 1) + -4 - -4?
-2
Calculate (0 - 0) + 5 + (-4 - -4).
5
What is the value of (-1 - (-4 - -6)) + 4 + -3?
-2
Calculate 0 - (3 - 5 - (-17 + 10)).
-5
-5 - -11 - (1 + 9)
-4
What is -14 + 13 + -2 + 1?
-2
Evaluate -2 + (1 - (0 - -5 - 4)).
-2
What is 2 + -1 + 3 + 16 + -23?
-3
-3 - (-1 - (-2 + 2 + -3))
-5
What is the value of -3 + -5 + 10 - 2?
0
Evaluate 50 + -44 + (0 - 9).
-3
What is the value of (2 - 0) + 4 + -6 + 3?
3
Evaluate -2 + -3 + 3 - (9 + -6).
-5
0 + -3 + 32 + -34
-5
What is 14 + -15 - (4 + -11)?
6
Evaluate 8 - -1 - (-7 - (-7 + -4)).
5
What is the value of 0 + 9 + -1 + (-22 - -18)?
4
What is the value of (6 - (6 + -3)) + 0?
3
What is 8 - (3 + 1) - 4?
0
What is the value of 1 - 3 - 0 - (6 + -4)?
-4
What is 0 - -2 - (-9 - (5 + -9))?
7
-7 + 1 - -2 - (-12 - -13)
-5
2 + -21 - (-61 + 47)
-5
What is the value of 4 - (0 - -3) - (4 + -5)?
2
What is -2 + ((-2 - -5) + -2 - -5)?
4
What is the value of 0 + (-6 - (-2 + -2))?
-2
Calculate (1 - (-3 + 1) - 1) + -6.
-4
Evaluate 0 + (1 - 4) + (2 - -3).
2
What is the value of -10 + 0 + (6 - 3)?
-7
Evaluate 0 - (12 + (-23 - -12)).
-1
-10 - (-15 - 0 - -8)
-3
Calculate 1 - -2 - 0 - 8.
-5
Calculate -7 + 7 - -3 - (0 + 1).
2
What is the value of (4 - 3 - (-1 - 2)) + -5?
-1
Evaluate -2 + (6 - (-4 - -3 - -1)).
4
-4 + 3 - ((-3 - 0) + 5)
-3
What is 3 - (-4 + 7 + -4) - 1?